
7
Calculate the remainder when 7551 is divided by 686.
5
Calculate the remainder when 1080 is divided by 466.
148
What is the remainder when 3783636 is divided by 17?
14
What is the remainder when 41309 is divided by 53?
22
What is the remainder when 4794 is divided by 1195?
14
What is the remainder when 5382 is divided by 334?
38
Calculate the remainder when 66476 is divided by 15.
11
Calculate the remainder when 2180 is divided by 153.
38
What is the remainder when 9969 is divided by 657?
114
Calculate the remainder when 15224941 is divided by 28.
25
Calculate the remainder when 734 is divided by 44.
30
Calculate the remainder when 1603 is divided by 262.
31
Calculate the remainder when 1295 is divided by 202.
83
What is the remainder when 9708 is divided by 67?
60
What is the remainder when 17314 is divided by 91?
24
Calculate the remainder when 18715 is divided by 82.
19
Calculate the remainder when 30178 is divided by 20.
18
Calculate the remainder when 22023 is divided by 11006.
11
What is the remainder when 461796 is divided by 35?
6
Calculate the remainder when 23610 is divided by 1961.
78
What is the remainder when 2536 is divided by 1172?
192
Calculate the remainder when 212785 is divided by 26.
1
What is the remainder when 4003 is divided by 67?
50
What is the remainder when 13856 is divided by 36?
32
What is the remainder when 248964 is divided by 238?
16
Calculate the remainder when 8368 is divided by 537.
313
Calculate the remainder when 49948 is divided by 450.
448
Calculate the remainder when 447176 is divided by 274.
8
What is the remainder when 131076 is divided by 54?
18
What is the remainder when 74089 is divided by 1175?
64
Calculate the remainder when 104844 is divided by 104832.
12
Calculate the remainder when 51806 is divided by 330.
326
What is the remainder when 19959 is divided by 367?
141
Calculate the remainder when 1499673 is divided by 1820.
1813
What is the remainder when 16629 is divided by 54?
51
Calculate the remainder when 57082 is divided by 19019.
25
What is the remainder when 8474 is divided by 405?
374
What is the remainder when 2951 is divided by 2910?
41
What is the remainder when 61246 is divided by 7?
3
What is the remainder when 1297123 is divided by 2206?
2201
What is the remainder when 94807 is divided by 28?
27
Calculate the remainder when 147515 is divided by 9.
5
What is the remainder when 126484 is divided by 885?
814
What is the remainder when 31357 is divided by 70?
67
What is the remainder when 2183 is divided by 42?
41
Calculate the remainder when 153777 is divided by 61.
57
What is the remainder when 84409 is divided by 5624?
49
Calculate the remainder when 28013 is divided by 5600.
13
What is the remainder when 22957 is divided by 287?
284
Calculate the remainder when 10999 is divided by 142.
65
What is the remainder when 4974 is divided by 508?
402
What is the remainder when 71847 is divided by 23934?
45
Calculate the remainder when 1148411 is divided by 12.
11
Calculate the remainder when 3619 is divided by 214.
195
Calculate the remainder when 1343119 is divided by 18.
13
Calculate the remainder when 17812 is divided by 3501.
307
What is the remainder when 23190 is divided by 325?
115
What is the remainder when 17325 is divided by 56?
21
What is the remainder when 66132 is divided by 9439?
59
Calculate the remainder when 270685 is divided by 15.
10
What is the remainder when 13199 is divided by 732?
23
What is the remainder when 1302 is divided by 224?
182
Calculate the remainder when 8908 is divided by 22.
20
Calculate the remainder when 340744 is divided by 6.
4
What is the remainder when 278770 is divided by 2035?
2010
What is the remainder when 36036 is divided by 7205?
11
What is the remainder when 1706491 is divided by 932?
931
Calculate the remainder when 5576 is divided by 526.
316
Calculate the remainder when 37469 is divided by 1339.
1316
What is the remainder when 58107 is divided by 74?
17
What is the remainder when 1651 is divided by 307?
116
Calculate the remainder when 95235 is divided by 31729.
48
Calculate the remainder when 21104 is divided by 54.
44
Calculate the remainder when 4568 is divided by 193.
129
What is the remainder when 10359576 is divided by 155?
151
What is the remainder when 1012 is divided by 369?
274
Calculate the remainder when 958 is divided by 117.
22
Calculate the remainder when 33193 is divided by 280.
153
Calculate the remainder when 932707 is divided by 43.
37
What is the remainder when 249119 is divided by 9581?
13
Calculate the remainder when 13236 is divided by 5.
1
What is the remainder when 28665 is divided by 2600?
65
Calculate the remainder when 161538 is divided by 164.
162
Calculate the remainder when 65579 is divided by 65556.
23
Calculate the remainder when 11074 is divided by 574.
168
What is the remainder when 4450 is divided by 735?
40
Calculate the remainder when 34591 is divided by 5.
1
What is the remainder when 2283 is divided by 788?
707
What is the remainder when 2796 is divided by 455?
66
What is the remainder when 1348850 is divided by 449612?
14
What is the remainder when 10002 is divided by 29?
26
What is the remainder when 183 is divided by 126?
57
Calculate the remainder when 6350 is divided by 375.
350
What is the remainder when 650 is divided by 166?
152
Calculate the remainder when 4856 is divided by 243.
239
Calculate the remainder when 103845 is divided by 64.
37
Calculate the remainder when 4548 is divided by 54.
12
What is the remainder when 36805 is divided by 86?
83
Calculate the remainder when 91533 is divided by 197.
125
What is the remainder when 787 is divided by 254?
25
Calculate the remainder when 13143 is divided by 41.
23
Calculate the remainder when 2729 is divided by 2375.
354
Calculate the remainder when 80186 is divided by 141.
98
What is the remainder when 4245 is divided by 1053?
33
Calculate the remainder when 24710 is divided by 334.
328
What is the remainder when 8164 is divided by 813?
34
What is the remainder when 293025 is divided by 41?
39
Calculate the remainder when 448218 is divided by 271.
255
Calculate the remainder when 28071 is divided by 67.
65
What is the remainder when 5356 is divided by 1328?
44
Calculate the remainder when 657720 is divided by 82.
80
Calculate the remainder when 343522 is divided by 1867.
1861
What is the remainder when 6468 is divided by 10?
8
What is the remainder when 212855 is divided by 4627?
13
Calculate the remainder when 152755 is divided by 134.
129
Calculate the remainder when 87360 is divided by 14545.
90
What is the remainder when 1108 is divided by 222?
220
What is the remainder when 44931 is divided by 8981?
26
Calculate the remainder when 53397 is divided by 17775.
72
What is the remainder when 2413 is divided by 2357?
56
What is the remainder when 19046 is divided by 267?
89
What is the remainder when 7215 is divided by 419?
92
What is the remainder when 195592 is divided by 211?
206
Calculate the remainder when 119418 is divided by 40.
18
Calculate the remainder when 280 is divided by 59.
44
What is the remainder when 100859 is divided by 9167?
22
Calculate the remainder when 301722 is divided by 135.
132
Calculate the remainder when 2400 is divided by 356.
264
What is the remainder when 204310 is divided by 192?
22
Calculate the remainder when 407037 is divided by 795.
792
What is the remainder when 190873 is divided by 509?
507
Calculate the remainder when 8135 is divided by 72.
71
What is the remainder when 222861 is divided by 43?
35
What is the remainder when 2500 is divided by 375?
250
What is the remainder when 163907 is divided by 31?
10
What is the remainder when 1823 is divided by 1778?
45
What is the remainder when 324 is divided by 107?
3
Calculate the remainder when 1290 is divided by 257.
5
Calculate the remainder when 8713 is divided by 1392.
361
Calculate the remainder when 133687 is divided by 297.
37
What is the remainder when 6017 is divided by 588?
137
Calculate the remainder when 129296 is divided by 507.
11
What is the remainder when 23145 is divided by 11555?
35
Calculate the remainder when 16430 is divided by 3285.
5
Calculate the remainder when 372693 is divided by 81.
12
What is the remainder when 2231 is divid